
123013
In base 15, what is -c45c48 + 1?
-c45c47
In base 7, what is 4042154212 + 3?
4042154215
In base 10, what is 82194 + 468?
82662
In base 9, what is -7 + -13632358?
-13632366
In base 5, what is 1 + 424020320?
424020321
In base 16, what is -14f16e0 + -5?
-14f16e5
In base 11, what is -233978 - -15?
-233963
In base 15, what is -873d45 + -e?
-873d54
In base 10, what is -2773 + -683?
-3456
In base 14, what is -1 - 749b9da?
-749b9db
In base 5, what is -230222 + 23200?
-202022
In base 15, what is -24baa + -846?
-25501
In base 2, what is -11010011101 - 10011010001?
-101101101110
In base 15, what is 75 - -45c504?
45c579
In base 9, what is -2 + -1101517?
-1101520
In base 9, what is 147524676 - 5?
147524671
In base 7, what is -44455552 + -25?
-44455610
In base 4, what is -2310303 + -30022321?
-32333230
In base 6, what is 3 + -502451345?
-502451342
In base 12, what is -20 + -4501118?
-4501138
In base 15, what is 641 - -76cc6?
77417
In base 5, what is -1343 - 114334?
-121232
In base 15, what is -1839 - -133e?
-4ea
In base 2, what is 100011111010100011110110011100 - -10?
100011111010100011110110011110
In base 8, what is 40157600 - 45?
40157533
In base 6, what is 33340412231 - -4?
33340412235
In base 13, what is 9c89 - 1771?
8518
In base 3, what is -121122212 + -1111011?
-200011000
In base 5, what is 332401110 + 222?
332401332
In base 10, what is -199 + -4537?
-4736
In base 8, what is -5226112312 + -3?
-5226112315
In base 4, what is -11320301 - -3321231?
-1333010
In base 12, what is 1 + 388a499?
388a49a
In base 11, what is 6251 - -3484?
9725
In base 12, what is 128a4 + 1751?
14435
In base 11, what is 5838 + 1613?
7350
In base 11, what is 7006 + -46a?
6647
In base 11, what is -3932406 + -7?
-3932412
In base 5, what is 23112420 - 3310?
23104110
In base 12, what is 184 + -99070?
-98aa8
In base 10, what is 95743 - -832?
96575
In base 16, what is -5 + 232faa?
232fa5
In base 9, what is 256537220 + 3?
256537223
In base 14, what is -2 + 31b0989?
31b0987
In base 2, what is -10101001101000 - -101111011101?
-1111010001011
In base 16, what is 10d274 - 212?
10d062
In base 2, what is -10111010100101 + 10001101010?
-10101000111011
In base 15, what is 1 + 1219e221?
1219e222
In base 2, what is -1010 + -10010011110000111101?
-10010011110001000111
In base 4, what is 3103100300 + -10020?
3103030220
In base 3, what is 1002210001020 - -1012?
1002210002102
In base 12, what is -9113 - -1245?
-7a8a
In base 6, what is 415214550 + 5?
415214555
In base 2, what is -11 + -1001110111110001110100?
-1001110111110001110111
In base 6, what is -503152443042 - 2?
-503152443044
In base 7, what is -16 + -1100312?
-1100331
In base 3, what is -110101112 + 2020012?
-101011100
In base 16, what is -386 - 84dd7?
-8515d
In base 12, what is -167 + -14b3375?
-14b3520
In base 5, what is 2234 - -1340231?
1343020
In base 13, what is -5087 - -20b4a?
18a93
In base 7, what is 502 + 32264?
33066
In base 15, what is 2 + b82911a?
b82911c
In base 14, what is -1 + 3309497?
3309496
In base 8, what is -27 - -147263740?
147263711
In base 4, what is -3 + 2021232113010?
2021232113001
In base 4, what is 203022022 + 1102?
203023130
In base 4, what is 1 + 2230122332?
2230122333
In base 16, what is -c9ef + 1e9f?
-ab50
In base 7, what is 254614 - -210?
255124
In base 16, what is -4 + -63a0be?
-63a0c2
In base 8, what is -47 - -3260642?
3260573
In base 8, what is -1 - 2132632?
-2132633
In base 10, what is 3 - 777573?
-777570
In base 12, what is -1467b4408 + -2?
-1467b440a
In base 16, what is 1c - 9990e?
-998f2
In base 9, what is 68552 + 328?
68881
In base 8, what is 502170007 - -2?
502170011
In base 5, what is -32141112 + -321?
-32141433
In base 9, what is -53 - -355642?
355578
In base 6, what is 1440 - -111141?
113021
In base 7, what is -2030265041 + 4?
-2030265034
In base 7, what is 6455 + 434153?
443641
In base 4, what is 203002122210 - 11?
203002122133
In base 16, what is -8 - 16b442?
-16b44a
In base 14, what is -82998 + -7?
-829a1
In base 11, what is 0 - -14084a0?
14084a0
In base 3, what is -111000112200020211 - 10?
-111000112200020221
In base 14, what is d - 2a03c?
-2a02d
In base 11, what is -805 - 17644?
-18349
In base 16, what is -134 + -2b7d9?
-2b90d
In base 15, what is 458b - 348?
4243
In base 6, what is 0 - 133513022?
-133513022
In base 11, what is -4505a + -59a?
-45649
In base 14, what is -10b45d + -116?
-10b575
In base 15, what is 20c + 99cc?
9bd9
In base 7, what is -1502044542 + -11?
-1502044553
In base 9, what is -7678686 - -5?
-7678681
In base 16, what is -5f02d07 + 3?
-5f02d04
In base 15, what is -1d3 - 2abb?
-2c9e
In base 13, what is -3 - 35c498?
-35c49b
In base 3, what is -21110012 + -1211020?
-100021102
In base 6, what is -32324531 - -3?
-32324524
In base 11, what is -29893a - -550?
-29839a
In base 8, what is -14346 + -10613?
-25161
In base 7, what is -552 + -1436615?
-1440500
In base 10, what is -2 + 13031351?
13031349
In base 8, what is -665425 - -243?
-665162
In base 16, what is f3fd - 4a8?
ef55
In base 4, what is 23012101330 + -231?
23012101033
In base 12, what is 2 - -2930329?
293032b
In base 16, what is -2e5 + a3191?
a2eac
In base 13, what is 25864 - -a37?
2659b
In base 10, what is 5 + -567527?
-567522
In base 5, what is -4 - 2314431?
-2314440
In base 6, what is -3 + 2234130135?
2234130132
In base 12, what is 7ba + 129b?
1a99
In base 3, what is -1 + 11110210002210?
11110210002202
In base 12, what is -6 - 278b43a3?
-278b43a9
In base 8, what is 4045 - 244020?
-237753
In base 9, what is -48322 - -1316?
-47005
In base 13, what is -20770 + 95?
-206a8
In base 14, what is -43 + -228b5?
-22918
In base 11, what is 638060 - -40?
6380a0
In base 9, what is 62687518 + -7?
62687511
In base 5, what is 21331 - 43121142?
-43044311
In base 12, what is 2 - -103a4180?
103a4182
In base 2, what is 1001011011000 - 101001010101?
100010000011
In base 10, what is 145 + -213816?
-213671
In base 15, what is -10c6d5 + b4?
-10c621
In base 8, what is 200552701 - 1?
200552700
In base 16, what is a - 6fec9f?
-6fec95
In base 15, what is -477 + 2b52?
26ca
In base 9, what is -5 - -3305164?
3305158
In base 7, what is 200365234 + 5?
200365242
In base 4, what is -11 + -11321201111?
-11321201122
In base 14, what is -2 - -20bda9?
20bda7
In base 13, what is -2676ab + 532?
-267179
In base 14, what is 2 - -323748a?
323748c
In base 10, what is -3594212 - 1?
-3594213
In base 7, what is -11 - 1012131?
-1012142
In base 6, what is 4 + -22320422150?
-22320422142
In base 16, what is 6fe364 + 68?
6fe3cc
In base 9, what is 220054556 + 1?
220054557
In base 3, what is -12011002002102 + 1?
-12011002002101
In base 9, what is -1 + 1824320?
1824318
In base 8, what is -15700402 - 10?
-15700412
In base 11, what is 1295617 - 132?
1295495
In base 11, what is -982 + 72a2?
6420
In base 15, what is 47 - 2535e6?
-25359e
In base 9, what is 7152 + -1065?
6076
In base 6, what is 413 - -50513133?
50513550
In base 9, what is -52230 + 1568?
-50551
In base 10, what is -4708 + 123271?
118563
In base 2, what is 1110101011000 - 100110001110101?
-10111100011101
In base 3, what is -1 + 22200202120021?
22200202120020
In base 6, what is -22110505321 + 4?
-22110505313
In base 3, what is 202200221012200201 + -10?
202200221012200121
In base 7, what is -2153152 + -1010?
-2154162
In base 12, what is 3 - 26976907?
-26976904
In base 14, what is -166db + 30?
-166ab
In base 11, what is -153 + -6726?
-6879
In base 4, what is 2211220 + 31100021?
33311301
In base 12, what is a32823 - 2?
a32821
In base 16, what is 1c9 + 1c1c3?
1c38c
In base 16, what is e6e0bc3 + -2?
e6e0bc1
In base 3, what is 112022110 + 201220102?
1021012212
In base 5, what is 103110 + -1102?
102003
In base 7, what is -66 + -50614343?
-50614442
In base 6, what is -32242444055 + 3?
-32242444052
In base 3, what is -11020 + 20220200022?
20220112002
In base 14, what is -255b972 + -20?
-255b992
In base 3, what is 101202 - -2200111220011?
2200112021220
In base 13, what is 11 - 20a5831?
-20a5820
In base 15, what is b078 - dd?
ae8a
In base 4, what is -1021 - -210213010?
210211323
In base 3, what is -10 - 1010012100211212?
-1010012100211222
In base 10, what is 232027 - 230?
231797
In base 5, what is 314 - 133223?
-132404
In base 3, what is -11 - -1010122220120210?
1010122220120122
In base 12, what is -1 + -15105b?
-151060
In b